 = -2*k. Let y be s(-3). Suppose 0 = 3*z - y*z. Determine r(z).
-7
Suppose q + 3*w - 18 = 0, 0*w = w. Let v = q - 12. Let n(t) = -7*t + 7 + 6*t**2 - 4*t**2 - t**2 + t. Give n(v).
7
Let j(p) = 3*p**2 - 2*p - 10. Let h be j(3). Let l(x) = x + 6. Determine l(h).
17
Let s(n) = 2*n**3 + 14*n**2 + 3*n + 9. Let a be ((-42)/18)/(-7)*(-20 + -1). What is s(a)?
-12
Suppose 0 = -5*c + 4*x - 10, -4*x + 26 = -2*c + 5*c. Suppose 0 = -3*t - 8 + c. Let o(g) be the second derivative of -g**4/6 - g**3/6 - 6*g. Determine o(t).
-6
Let a be (6/18)/(1/(-21)). Let n(x) = -7*x**3 + 11*x**2 - 9*x + 17. Let b(m) = 10*m**3 - 17*m**2 + 13*m - 26. Let p(q) = a*n(q) - 5*b(q). Give p(8).
-5
Let f(u) be the second derivative of -u**4/12 + u**3/2 - 3*u**2/2 - 23*u. Let b(y) = y + 8. Let k be b(-6). Give f(k).
-1
Let c(o) = o**3 + 6*o**2 + o - 11. Let x = 209 - 214. Determine c(x).
9
Let a(i) = -4*i + i**2 - 9 + 5*i - 10. Let t(f) = f**3 + 72*f**2 + 1126*f - 49. Let o be t(-49). Determine a(o).
-19
Let w be (4/((-12)/15))/(-1). Let l(m) be the third derivative of -m**5/60 + m**4/6 - 5*m**3/6 + 7*m**2. What is l(w)?
-10
Let j be -1 + 2 + (-20)/(-5). Let r(l) = -l**2 + 7*l - 3. Let d be r(j). Suppose 5*b + d = -28. Let u(i) = i + 1. What is u(b)?
-6
Let q = -161 - -165. Let p(d) = -3*d - 4. Calculate p(q).
-16
Suppose -5*t - 10*t = 0. Let w(j) = j**2. Calculate w(t).
0
Let m(g) be the third derivative of 0 - 4/3*g**3 - 1/12*g**4 + 7*g**2 + 0*g. Calculate m(-7).
6
Let m(r) = -r - 2. Let k(u) = -u**2 + 9*u + 13. Let l be (-68)/(-7) - (-18)/63. Let n be k(l). Suppose n*i - 5 = -j + 5*i, 2*j = 5*i + 14. Give m(j).
1
Let q(c) = -2*c**3 + 15*c**2 + 3*c - 3. Let g(o) = 3*o**3 - 18*o**2 - 4*o + 2. Let a(t) = -3*g(t) - 4*q(t). Calculate a(-6).
6
Let d(b) = -6*b**2 + 9*b. Let r(q) = q**2 - 2*q + 1. Let g(l) = d(l) + 5*r(l). Determine g(-4).
-7
Let j(z) be the first derivative of -z**5/30 - z**4/12 + 11*z**3/3 - 9. Let l(d) be the third derivative of j(d). Give l(-5).
18
Let g(m) = -2*m**3 + 5*m**2 + 9*m + 1. Let v(n) = -5*n**3 + 16*n**2 + 26*n + 2. Let o(t) = 8*g(t) - 3*v(t). Let b(z) = z - 1. Let q be b(-6). Give o(q).
-5
Let g(n) be the third derivative of n**4/24 + 7*n**3/6 - 2*n**2 - 15. Give g(7).
14
Let n(u) be the third derivative of -u**5/60 + 5*u**4/24 + u**3/6 - 10*u**2. Let l(y) = -2*y**2 + 3*y + 3*y + y**2. Let q be l(5). Give n(q).
1
Suppose -8*f + 30 = 2*f. Let d(c) = -4*c**2 + 59*c**3 - 113*c**f - 2 - c + 55*c**3. Determine d(3).
-14
Suppose 4*s - 14 = -4*t + 14, -4*t + 2*s = -10. Let c(o) = 4 + o - t + 3 + o**2. Give c(3).
15
Suppose 29*g = 30 + 144. Let k(f) = -f**2 + 5*f. Calculate k(g).
-6
Let j(d) be the second derivative of -d**4/12 - d**3 + 15*d**2/2 + d - 448. Give j(-8).
-1
Let r(z) = z**3 + 7*z**2 - 7*z + 11. Let b be r(-8). Let d be ((-8)/(-18))/((-4)/(-18)). Suppose -b*t + 17 - d = 0. Let k(m) = -m**2 + 5*m. Calculate k(t).
0
Let y(g) = 1 - 4*g + 1 + g**2 + 3. Let o be 40/540 + (-954)/(-243). Determine y(o).
5
Let o(w) = w**2 + 2*w - 1. Let n(m) = m**2 - 6*m - 5. Let g be n(7). Suppose 1 = a - g*s + 9, -2*a + s - 1 = 0. Suppose 0 = -v - a. What is o(v)?
-1
Suppose 10 = 2*v + 3*q + 6, -5*v + 2*q = 28. Let j = -4 - -1. Let n = j - v. Let l(c) = -4*c - 1. What is l(n)?
-5
Let n(k) be the first derivative of -k**3/3 - k**2/2 + k - 3. Let g be n(0). Let v be (5/15)/(g/12). Let p(c) = c**3 - 4*c**2 - 5*c + 6. Calculate p(v).
-14
Suppose -14 - 7 = -5*k + r, -3*k + 4*r + 16 = 0. Let n(l) = -l**3 + 2*l**2 + 2*l + 4. Calculate n(k).
-20
Let z(h) be the first derivative of h**2/2 + 2*h - 993. Suppose 19 + 5 = 4*a. Give z(a).
8
Let s(q) = 230 - 113 - 114 - 3*q + 4*q. Determine s(-11).
-8
Let o(p) = -4 + 2 - 533*p - p**3 + 3*p**3 + p**3 + 531*p. Determine o(-2).
-22
Let k = 937 + -935. Let q(c) be the first derivative of 1 + c + 3/2*c**k + 1/3*c**3. Calculate q(-2).
-1
Let c(n) be the second derivative of -n**4/12 - 3*n**3/2 - 5*n**2/2 + 79*n. Calculate c(-7).
9
Let u(p) = 2*p - 6. Suppose -4 = -2*y, 0 = -5*i - 20*y + 22*y + 36. Calculate u(i).
10
Let q(s) be the first derivative of 3*s**2/2 - s - 27. Let w(a) = 9*a - 3. Let h(j) = 17*q(j) - 6*w(j). Give h(1).
-2
Let o(c) be the third derivative of -c**5/60 + c**3/6 + c**2. Let v = -52 + 59. Suppose 22 = 2*i + 3*j + 21, 2*i - 3*j - v = 0. Calculate o(i).
-3
Let m be 7/2 - 1/2. Let d be 3*((-4)/(-18))/((-2)/(-3)). Let j(q) = -3*q + m - d + q**2 - 3 - 3*q. Determine j(6).
-1
Suppose 23 = 2*p - 4*p - v, v + 5 = 0. Let k(u) = 2*u + 12. Let y be k(p). Let o(n) = -n + 2*n - 8 + 6 + 4 + 6. Give o(y).
2
Let a(j) = 9*j**2 - 4*j + 3. Let q(i) = 19*i**2 - 10*i + 7. Let n(r) = 5*a(r) - 2*q(r). What is n(-2)?
29
Let j be (1 - -2)/(23/46). Let g(b) = -b - 4 + 2 + 2 + 3. Give g(j).
-3
Let m(p) be the third derivative of p**4/12 + 5*p**3/6 - 687*p**2. Suppose -3*l + 5 = -7. What is m(l)?
13
Let h = 88 - 84. Let t(f) = -3*f - 4. Determine t(h).
-16
Suppose -5*t + 5*s + 0*s = -35, 2*s = 5*t - 35. Suppose -2*m + 1 + t = 0. Let y(f) = -f**3 + 4*f**3 - 2*f**3 + 0*f + 5 + f + m*f**2. Calculate y(-4).
1
Let b(h) be the third derivative of h**5/60 + 5*h**4/24 - h**3/6 + 40*h**2. What is b(-7)?
13
Let j(a) = a + 21. Let o be j(-9). Suppose w + 2*w = o. Let g(v) = -v**3 + 4*v**2 - 4*v + 3. Give g(w).
-13
Let n(s) = s**3 - 10*s**2 - s + 9. Suppose -27*v + 80 = -19*v. What is n(v)?
-1
Let t = 432 - 422. Let a(m) be the first derivative of -t*m - 1 - 1/2*m**2. Determine a(0).
-10
Let w(z) = z - 5. Let m be w(6). Let d(v) = 13*v - 14*v - 20*v**2 + 35*v**2. Determine d(m).
14
Let w(j) = -j**3 - 3*j**2 + 2*j. Let a be (3/6 - -1)*72/(-27). What is w(a)?
8
Let h(x) = x**3 + 6*x**2 + 6*x - 3. Suppose -2*f - 1 = -4*z + z, -z + 2 = -f. Give h(f).
-8
Let z(n) = -9*n**2 - 2*n - 3. Let k(l) = -8*l**2 - 3*l - 5. Let f(r) = 2*k(r) - 3*z(r). What is f(1)?
10
Let c(g) = -g**2 - g - 10. Let s(l) = -3*l**2 - 3*l - 21. Let b(u) = -5*c(u) + 2*s(u). Suppose 0 = 2*x - 2*x - 6*x. Calculate b(x).
8
Let o(j) be the third derivative of -11*j**5/15 - j**4/24 - 9*j**2 + 5*j. What is o(-1)?
-43
Let u(t) = -23*t**3 - 7 - 19*t**3 - t**2 - 5*t**2 + 41*t**3 - 2*t. Suppose 11 + 16 = -5*o - 3*m, 0 = o + 4*m + 2. Determine u(o).
5
Let r(z) = 0*z**3 + 3334 - 3345 - 6*z**2 + 5*z + z**3. What is r(5)?
-11
Let i(w) = 10*w - 158. Let a be i(15). Let m(n) = -n**3 - 8*n**2 - n - 5. Give m(a).
3
Suppose -x + 15 = 2*x. Let o be x - (-2)/(-2 + 0). Let p(u) = o + u + 3 - 5. Give p(-4).
-2
Let v be (2*(-14)/(-16))/((-2)/8). Let f(l) be the second derivative of l**3/6 - 2*l**2 - l. What is f(v)?
-11
Let b = -5 + 15. Suppose -4*c + 9*c = -b. Let o(q) = 4*q**2 + 2*q - 1. What is o(c)?
11
Let p(r) = 2*r**2 + 29*r - 4. Let h be p(-15). Let a(i) = 4 + 5*i + h*i - 17*i. Give a(3).
1
Let k(c) be the second derivative of 11*c**4/12 - c**3/6 - c**2 - 79*c. What is k(-1)?
10
Let c(g) = g - 2. Let y be c(-8). Let h be ((-4)/(-10))/((-1)/y). Let q(f) = -4 - 7*f**3 + 6*f**3 + 8*f**2 - 4*f**2. What is q(h)?
-4
Let h(l) = l**2 + 3*l + 3. Let n(k) = -7*k - 75. Let m be n(-10). Give h(m).
13
Let v(c) = -c**2 - 5*c + 3. Let i(m) be the third derivative of -m**5/60 - m**4/3 - 2*m**3/3 - 6*m**2. Let l be i(-7). Suppose x + 24 = -l*x. What is v(x)?
-3
Let r(v) be the third derivative of v**6/24 + v**5/30 - v**3/6 + 2*v**2. Let k = 144 - 143. Give r(k).
6
Let p be (-539)/21 + 2/3. Let a be 8/(-20) + (-60)/p. Let d(g) = 14*g**a + 6*g + g**3 - 9*g**2 + 5 + g**2. Calculate d(-5).
0
Let l(i) = i**3 - i**2 - i + 5. Suppose 4 = 2*b + 8. Let t be (0*6/36)/(2/b). Determine l(t).
5
Let f(j) be the third derivative of 24 + 1/6*j**3 + 0*j + 2*j**2 - 1/60*j**5 - 1/4*j**4. What is f(-5)?
6
Let q = 92 + -81. Suppose -q*j - 7*j - 54 = 0. Let n(p) = -p**3 - 3*p**2 + p - 2. Give n(j).
-5
Let b(p) be the third derivative of -1/60*p**5 - 2/3*p**3 + 0*p + 22*p**2 + 1/3*p**4 + 0. What is b(7)?
3
Let i(s) = -4*s - 2*s + 4*s - 8 - 3*s. What is i(-7)?
27
Let c(q) = 2*q**2 + 12 + 4*q**3 - 2*q**2 - q + q**2 - 3*q**3. Suppose 4*l - 2 = -2. What is c(l)?
12
Suppose 0 = -5*v - 348*m + 344*m + 11, 3 = v + m. Let g(w) = -w**2 - w**2 + w - 13*w**2 + 1. Give g(v).
-15
Let c(u) = u**3 + 12*u**2 + 7*u. Suppose -6*q - 5*m = 86, q = -2*m + 3*m - 7. Determine c(q).
44
Let x(b) = 5 - 7 - 2 + 2 + b**2 + 2*b - 17. What is x(5)?
16
Let v(o) = o**2 + 3. Let l 